0) + 10 + -7.
-16
What is the value of 0 + 2 - (26 + -17) - -11?
4
Evaluate (0 - 17) + 350 + -321.
12
Calculate 4 - (6 + 0) - -16 - 5.
9
Calculate 70 - 80 - (2 + 5) - 1.
-18
What is 26 - ((21 - 17) + 16)?
6
(-36 + 88 - 64) + -21 + 0
-33
What is 8 - (-14 - -29) - -6?
-1
Calculate 5 + 22 + 4 - 39.
-8
Evaluate -31 - -1 - (-18 + (-14 - (-36 - -11))).
-23
Calculate -10 + (-35 - -39 - (0 - 2)).
-4
What is the value of -4 + -13 + 5 + 16 + -6?
-2
66 + -97 - (-5 - (4 + -2))
-24
Calculate 1 + (-3 + 4 + (-4 - 3) - 0).
-5
Evaluate (127 - 130) + 22 + -3 + (0 - -1).
17
What is the value of 1 - -8 - (1 + 18 + -41 + 10)?
21
-119 + 125 + -1 + 3 - -1
9
What is (-10 + -15 - -21) + (2 - 0) + -9?
-11
What is the value of -50 + 25 + 2 + -3?
-26
What is the value of -2 + 11 + -4 + 0 - 4 - -3?
4
Calculate -23 + (10 - (-29 - -23)).
-7
What is the value of -9 - (-3 + (-9 - -20))?
-17
What is the value of -4 + (-5 - (8 + 0)) - -6?
-11
What is 23 - (4 - (16 + -4 + (-5 - -1)))?
27
What is the value of -3 - 1 - (8 - 3) - -1?
-8
20 + -2 + 0 + 3 + -26 + 15
10
What is (3 - 0 - 2) + (-168 - -178)?
11
What is 0 + (-4 - -6 - -3) + -3 + 1?
3
What is (-23 - 4) + (-10 - 18 - -32)?
-23
Calculate (27 - ((4 - 0) + -15)) + -9.
29
What is 5 + 4 + -6 + (7 - (-9 - -39))?
-20
Calculate (1 - 10 - (14 - 14)) + 21.
12
Evaluate 14 - (-1 - (26 - 20)).
21
What is the value of (0 - -15 - (-54 + 62)) + (-4 - -3)?
6
(-12 - (4 - 14) - 3) + 15
10
What is 16 + (5 - (11 + -6 + 0)) + 4?
20
What is the value of (-16 - -1) + (6 + 2 - -40)?
33
Evaluate (-8 - (-32 + 14)) + -21 + 0.
-11
Evaluate -1 - (-38 + 27 + 2 + -4).
12
(0 - (1 - -22)) + -7004 + 7007
-20
What is the value of -19 + 41 + -3 + (1 - 12 - -2)?
10
Calculate 31 + (-24 - (15 - 13)).
5
What is (2 - 7) + (6 + (1 - 14) - -11)?
-1
Calculate 2 - (10 + -25 + 18 + 2 + -2).
-1
What is -5 + -6 + 10 + 1 + 12 + -8?
4
What is the value of 1 + 1 + 8 + (-64 - -7 - -72)?
25
What is (11 - 2) + (10 - 3) + -24 + 6?
-2
What is 0 + (2 - 6 - ((39 - 22) + -19))?
-2
Evaluate 1 + -21 + (-1079 - -1088).
-11
What is the value of (23 - -1) + -13 + -38?
-27
((2 - -1) + -4 - 5) + 54 + -16
32
Evaluate (-14 - -13) + 7 - (5 - 2).
3
Evaluate 51 - (-1 - -4 - (-114 + 105)).
39
Evaluate (9 - 7 - -9 - 3) + -1.
7
(0 - -6) + (-10 - (5 - (8 + 0)))
-1
What is -23 - (29 - 25) - (2 + -12)?
-17
What is the value of 3 + 0 + -8 + 11 - 4 - 2?
0
What is 37 + -63 - (11 + -35) - (0 + 0)?
-2
Evaluate -15 + (46 - (20 - 4)).
15
Calculate -11 - (-5 + -1) - (10 + -1 + 2).
-16
Calculate 22 - (10 - (-5 + 13)).
20
Calculate (-2 - 1) + (2826 - 2821).
2
What is the value of 10 + -1 + 20 + 21 + -47?
3
-6 + (-2 - -22) + -8 + (16 - 9)
13
(-12 - (-9 - -3)) + 5 + 2 + 3
4
Calculate 16 + (-19 - (-25 - -7)).
15
Evaluate -2 + 1 + (0 - -5) + -4.
0
What is the value of -2 + 3 + (1 - 2 - 5) + 5?
0
What is the value of -4 - (-12 - (10 - 20))?
-2
Evaluate 4 - (-1 + 2 + 12) - 3.
-12
What is the value of (-3 - -15) + -8 - 3?
1
What is 15 + -13 + 12 - 15?
-1
What is the value of 7 - (1 - 1) - (5 - 1)?
3
(-112 - -96) + (-2 - -13)
-5
-38 - (-11 + -6 + (-1 - -10)) - -9
-21
-5 - (-13 + 7 + -3 + (-6 - -20))
-10
What is the value of (85 - 52) + -1 + 3 + -8 - 7?
20
-38 - ((-30 - 45) + 26)
11
What is 79 + -185 + 124 + 0 + -54?
-36
What is (1 - 0) + -13 + -4 + 21 + -22?
-17
Evaluate -9 + -2 + -8 + (34 - 4).
11
What is the value of -13 + 27 + -31 + (-11 - -9)?
-19
Evaluate 87 - 39 - (-7 + 36).
19
Calculate -8 + (-1 - -4 - ((12 - 19) + 13)).
-11
Calculate -4 - (-1 + 0 - 4 - 13).
14
What is -86 - -89 - (-4 + 8)?
-1
Calculate -15 - -19 - 5 - -15.
14
Calculate 3 - (6 + 12 + 3 + -1).
-17
What is the value of -12 + 19 - (10 - 15)?
12
What is the value of 6 + (18 - 1 - (-26 + 10 - -28))?
11
Evaluate -21 + 9 + 11 + 0 + (-3 - -8).
4
(2 - -1 - (1 + 4 + 4)) + 18
12
637 - 644 - (8 - -1)
-16
(-12 + 4 - 1) + 13 + -6
-2
Evaluate -8 + -2 + 0 + -4 + -1.
-15
What is -13 + -1 + 18 + 7 - 31?
-20
What is -1 + -3 + -5 + (35 - 16)?
10
Calculate (5 - 3) + -5 + 26 - (20 + -17).
20
What is -68 - -69 - (-1 - 1) - (-2 - -7)?
-2
-10 + (5 - -18 - 14)
-1
What is the value of (-22 - -14 - -8) + 11?
11
Calculate -8 + 8 + 8 - (-1 + 8).
1
Calculate (-14 - (17 - 41)) + 2.
12
62 - (-25 - (-94 + 41))
34
What is (3 - (1 + (-2 - 0))) + (31 - 25)?
10
Calculate 14 + -1 - 20 - -17.
10
-3 - -12 - (-59 + 60)
8
What is (-3 - 7) + -3 - (20 - 18)?
-15
What is -6 - (0 + -12 + 5 + -5)?
6
What is the value of -10 + (43 - 51) - (-37 + -3)?
22
-7 + 2 + -2 + -2 + -6
-15
What is the value of 4 - ((-12 + 6 - -10) + -5 + 11)?
-6
Calculate (5 - 0) + -4 + 3 + 3 + 4.
11
What is -37 - ((9 - 14) + -12)?
-20
Calculate 4 + -8 + (10 - 6) + 7.
7
What is the value of (36 - 51) + -16 + 15 + -2?
-18
What is the value of -3 + -6 - -30 - 38?
-17
Calculate 2 - ((12 - 17) + 10).
-3
Evaluate -1 + 3 + -4 + -1 + -4 + -6.
-13
Calculate (-11 + 36 - 18) + (-1 - -4) + 2.
12
(-125 - -117) + (0 - -9)
1
(24 - 11 - 27) + 14
0
47 + -2 + -18 + 26 + -26
27
What is the value of -1 - (-11 + 21 + -7 + (4 - 3))?
-5
Evaluate -11 - -3 - (7 + (-18 - 7)).
10
Calculate (10 - 19 - -16) + -16.
-9
What is the value of 18 + (-8 - 0) + (16 - (-8 + 19))?
15
What is 7 - -3 - 1 - 9 - -18?
18
Calculate -2 + -36 + 1 + (1033 - 1023).
-27
What is -5 + (-8 - 4) - (-130 - -123)?
-10
Calculate (3 + -10 - 1 - -13) + -5.
0
Evaluate 9 + (-6 - (-11 + 6 + 20)).
-12
-57 + -55 + 97 + (2 - 14)
-27
-4 + (24 - 15) + 7
12
What is the value of 3 + (-12 - 4) + 5 - 2?
-10
What is the value of (7 - 46) + 27 + 23?
11
(-7 + 2 - 5) + -11 + 6
-15
3 - (-6 + (9 + 7 - -2))
-9
Calculate -4 + 3 + 0 + -3 + 59 + -57.
-2
Calculate 7 + -6 + -19 + (-1 - -1 - -5).
-13
What is (3 - 22 - (-20 - -10)) + -7?
-16
(5 - (-4 + 8) - (3 + -1)) + -3
-4
Calculate (4 - (1 - (4 + -7) - 6)) + -13.
-7
What is the value of 7 + -24 + (-34 - -36)?
-15
What is 4 + (1 - -40) - (-5 - -22)?
28
What is 38 - (36 - 22) - 19?
5
19 + 1 - (-39 - -29 - -17)
13
What is the value of 0 - 10 - (-16 - -21)?
-15
Calculate 3 + 0 + (-48 + 31 - -30).
16
(4 - (-41 + 17)) + -5
23
What is the value of (-26 - -28) + 13 + 1?
16
Calculate -4 + 4 - (-32 - -41).
-9
-8 + 10 + (2 - (7 + -25))
22
123 + -85 - (18 - 4)
24
What is the value of 5 + (0 - (32 - 17))?
-10
Calculate 7 - (33 - -6 - 37).
5
Evaluate 3 - (-29 + 22 + (3 + -3 - -10)).
0
(8 - (32 + -44)) + 1
21
What is -1 + -1 + 1 + (0 - (5 + 2))?
-8
What is the value of (1 - (-4 - -28)) + (-11 - (16 - 33))?
-17
Calculate 0 + (60 - 21) + -18.
21
Calculate -2 - 30 - (-74 - -63).
-21
37 + (22 - 17 - 13)
29
Calculate 12 + -12 - -6 - (3 - -17).
-14
Evaluate -1 + -46 + 81 - 8.
26
4 + (0 - (27 + -1)) + -7 + 16
-13
What is -30 + 30 - (2 + -10) - 15?
-7
2 + 19 + (-5 + 13 - 13)
16
What is (-2 - (-4 - -2)) + (111 - 112) - 8?
-9
What is the value of (-1 + -1 - 6) + 26 + -22?
-4
Calculate -33 + -5 + (-4 - -8) + 3 - -8.
-23
Evaluate -22 + -7 + 30 + -10.
-9
Evaluate (-6 - -5) + 6 + 6 + -9 + -2.
0
Calculate 13 + 0 + -25 + 20.
8
-3 + (-24 - (25 - 29))
-23
Calculate 0 - (-15 + 5 + (5 + 1 - 0)).
4
Calculate (9 - -7 - 8 - 6) + -4.
-2
30 - (-9 + 1) - -1 - 15
24
Evaluate 14 + 13 + -3 + -20.
4
Evaluate 1 + -9 - -6 - (12 + -7).
-7
5 + 18 + -18 + (1 - 12) + 11
5
Calculate (0 - -11) + 2 + -49 + 45.
9
What is the value of 6 + (-11 - -17) + -7?
5
(-1 - -9) + (-9 + 14 - 9 - 1)
3
9 - (0 - (-24 + 21 - (-5 + 0)))
11
What is the value of -2 - (6 + -8) - (-13 + 8 + 1)?
4
Evaluate -121 + 138 + -32 + 1 - 22.
-36
Calculate (0 - 0) + (-65 - -50) + 49.
34
What is -22 - (-5 + -22) - (4 - 1) - 10?
-8
What is 3 + (-14 - -14) - 0?
3
Calculate 3 - (1 - 0) - (-290 + 287).
5
1 - (12 + -8 + 2)
-5
What is the value of 19 + (-6 - 32) + 28?
9
Calculate (-312 - -309) + -1 + 10.
6
(1 - 11 - (-35 + 16)) + 2
11
What is (-25 - (0 - 9)) + 27?
11
Evaluate -17 + -5 + -10 + 3 + 18.
-11
-16 - -5 - -24 - 8
5
Evaluate (13 - -45) + -32 + -5.
21
Calculate (5 - (-4 + -7 - -12)) + 10.
14
What is 10 - -7 - (58 - 47)?
6
What is the value of -1 + 45 - (-78 - -40 - -57)?
25
What is the value of 21 - (24 + -5 + -24)?
26
What is (9 - 2 - 8 - -17) + (-1 - -1)?
16
Evaluate -27 + 23 - (1 - (6 + -1) - 3).
3
What is the value of -38 + 34 + (-1 - (-1 - -4)) + -1?
-9
What is -8 + (31 + -36 - (1 - 11)) + 14?
11
Calculate 26 - (64 - (4 - -17)).
-17
Calculate -4 + (2 - (-4 + 7)) + (-4 - 1).
-10
Evaluate (-45 - -52) + (3 - (0 - -2)).
8
What 